144.217.71.169 - - [09/Oct/2021:11:42:26 +0200] "GET /forum/showthread.php?t=509 HTTP/1.1" 200 10982 "-" "Mozilla/5.0 (Windows NT 6.1; WOW64) AppleWebKit/537.36 (KHTML, like Gecko) Chrome/57.0.2987.133 Safari/537.36"
2a01:598:80b3:4441:45a7:6984:a278:6005 - - [09/Oct/2021:11:42:47 +0200] "GET /favicon.ico HTTP/2.0" 404 196 "https://bbkr.ch/Bibel%20und%20Bibeltools%20Bbkr/bibel_und_bibeltools_bbkr.html" "Mozilla/5.0 (Linux; Android 11; SM-A715F Build/RP1A.200720.012; wv) AppleWebKit/537.36 (KHTML, like Gecko) Version/4.0 Chrome/94.0.4606.71 Mobile Safari/537.36"
2a01:598:80b3:4441:45a7:6984:a278:6005 - - [09/Oct/2021:11:42:47 +0200] "GET /Bibel%20und%20Bibeltools%20Bbkr/bibel_und_bibeltools_bbkr.html HTTP/2.0" 200 5731 "-" "Mozilla/5.0 (Linux; Android 11; SM-A715F Build/RP1A.200720.012; wv) AppleWebKit/537.36 (KHTML, like Gecko) Version/4.0 Chrome/94.0.4606.71 Mobile Safari/537.36"
185.191.171.13 - - [09/Oct/2021:11:44:30 +0200] "GET /robots.txt HTTP/1.1" 200 26 "-" "Mozilla/5.0 (compatible; SemrushBot/7~bl; +http://www.semrush.com/bot.html)"
54.39.107.63 - - [09/Oct/2021:11:47:28 +0200] "GET /forum/showthread.php?t=694 HTTP/1.1" 200 10884 "-" "Mozilla/5.0 (Windows NT 10.0; Win64; x64) AppleWebKit/537.36 (KHTML, like Gecko) Chrome/58.0.3029.81 Safari/537.36"
167.114.1.28 - - [09/Oct/2021:11:47:28 +0200] "GET /forum/showthread.php?t=889 HTTP/1.1" 200 9984 "-" "Mozilla/5.0 (Windows NT 6.1; Win64; x64) AppleWebKit/537.36 (KHTML, like Gecko) Chrome/57.0.2987.133 Safari/537.36"
51.154.139.7 - - [09/Oct/2021:11:47:44 +0200] "GET /Corona_Sammlung_WH/corona_sammlung_wh.html HTTP/2.0" 200 4079 "https://bbkr.ch/BEGRIFFSERKLAERUNG/neben_der_schrift.html" "Mozilla/5.0 (Windows NT 10.0; Win64; x64) AppleWebKit/537.36 (KHTML, like Gecko) Chrome/94.0.4606.71 Safari/537.36 Edg/94.0.992.38"
51.154.139.7 - - [09/Oct/2021:11:49:00 +0200] "GET /forum/images/buttons/multiquote_40b-hover.png HTTP/2.0" 200 301 "https://www.bbkr.ch/forum/css.php?styleid=1&langid=2&d=1617778444&td=ltr&sheet=toolsmenu.css,postlist.css,showthread.css,postbit.css,options.css,attachment.css,poll.css,lightbox.css" "Mozilla/5.0 (Windows NT 10.0; Win64; x64) AppleWebKit/537.36 (KHTML, like Gecko) Chrome/94.0.4606.71 Safari/537.36 Edg/94.0.992.38"
23.95.99.109 - - [09/Oct/2021:11:49:33 +0200] "GET /forum/forumdisplay.php?f=88 HTTP/1.1" 200 8204 "-" "Mozilla/5.0 (Windows NT 10.0; Win64; x64) AppleWebKit/537.36 (KHTML, like Gecko) Chrome/58.0.3029.81 Safari/537.36"
51.154.139.7 - - [09/Oct/2021:11:53:04 +0200] "GET /forum/forum.php HTTP/2.0" 200 30629 "https://www.forum.bibelkreis.ch/" "Mozilla/5.0 (Windows NT 10.0; Win64; x64) AppleWebKit/537.36 (KHTML, like Gecko) Chrome/94.0.4606.71 Safari/537.36 Edg/94.0.992.38"
51.154.139.7 - - [09/Oct/2021:11:53:08 +0200] "GET /forum/cron.php?rand=1633773184 HTTP/2.0" 200 43 "https://www.bbkr.ch/forum/forum.php" "Mozilla/5.0 (Windows NT 10.0; Win64; x64) AppleWebKit/537.36 (KHTML, like Gecko) Chrome/94.0.4606.71 Safari/537.36 Edg/94.0.992.38"
51.154.139.7 - - [09/Oct/2021:11:53:36 +0200] "GET /forum/images/statusicon/thread-16-right.png HTTP/2.0" 200 659 "https://www.bbkr.ch/forum/forumdisplay.php?f=119" "Mozilla/5.0 (Windows NT 10.0; Win64; x64) AppleWebKit/537.36 (KHTML, like Gecko) Chrome/94.0.4606.71 Safari/537.36 Edg/94.0.992.38"
51.154.139.7 - - [09/Oct/2021:11:53:36 +0200] "GET /forum/images/buttons/sortarrow-asc.png HTTP/2.0" 200 126 "https://www.bbkr.ch/forum/forumdisplay.php?f=119" "Mozilla/5.0 (Windows NT 10.0; Win64; x64) AppleWebKit/537.36 (KHTML, like Gecko) Chrome/94.0.4606.71 Safari/537.36 Edg/94.0.992.38"
51.154.139.7 - - [09/Oct/2021:11:53:33 +0200] "GET /forum/forumdisplay.php?f=119 HTTP/2.0" 200 16185 "https://www.bbkr.ch/forum/forum.php" "Mozilla/5.0 (Windows NT 10.0; Win64; x64) AppleWebKit/537.36 (KHTML, like Gecko) Chrome/94.0.4606.71 Safari/537.36 Edg/94.0.992.38"
51.154.139.7 - - [09/Oct/2021:11:53:36 +0200] "GET /forum/images/statusicon/thread_dot-16-right.png HTTP/2.0" 200 700 "https://www.bbkr.ch/forum/forumdisplay.php?f=119" "Mozilla/5.0 (Windows NT 10.0; Win64; x64) AppleWebKit/537.36 (KHTML, like Gecko) Chrome/94.0.4606.71 Safari/537.36 Edg/94.0.992.38"
51.154.139.7 - - [09/Oct/2021:11:53:36 +0200] "GET /forum/images/statusicon/thread_hot_new-16.png HTTP/2.0" 200 746 "https://www.bbkr.ch/forum/forumdisplay.php?f=119" "Mozilla/5.0 (Windows NT 10.0; Win64; x64) AppleWebKit/537.36 (KHTML, like Gecko) Chrome/94.0.4606.71 Safari/537.36 Edg/94.0.992.38"
51.154.139.7 - - [09/Oct/2021:11:53:36 +0200] "GET /forum/images/statusicon/thread_hot-16.png HTTP/2.0" 200 692 "https://www.bbkr.ch/forum/forumdisplay.php?f=119" "Mozilla/5.0 (Windows NT 10.0; Win64; x64) AppleWebKit/537.36 (KHTML, like Gecko) Chrome/94.0.4606.71 Safari/537.36 Edg/94.0.992.38"
51.154.139.7 - - [09/Oct/2021:11:53:36 +0200] "GET /forum/clientscript/vbulletin_inlinemod.js?v=425 HTTP/2.0" 200 1597 "https://www.bbkr.ch/forum/forumdisplay.php?f=119" "Mozilla/5.0 (Windows NT 10.0; Win64; x64) AppleWebKit/537.36 (KHTML, like Gecko) Chrome/94.0.4606.71 Safari/537.36 Edg/94.0.992.38"
51.154.139.7 - - [09/Oct/2021:11:53:36 +0200] "GET /forum/images/statusicon/thread_new-16.png HTTP/2.0" 200 761 "https://www.bbkr.ch/forum/forumdisplay.php?f=119" "Mozilla/5.0 (Windows NT 10.0; Win64; x64) AppleWebKit/537.36 (KHTML, like Gecko) Chrome/94.0.4606.71 Safari/537.36 Edg/94.0.992.38"
51.154.139.7 - - [09/Oct/2021:11:53:36 +0200] "GET /forum/images/statusicon/thread_lock-16.png HTTP/2.0" 200 599 "https://www.bbkr.ch/forum/forumdisplay.php?f=119" "Mozilla/5.0 (Windows NT 10.0; Win64; x64) AppleWebKit/537.36 (KHTML, like Gecko) Chrome/94.0.4606.71 Safari/537.36 Edg/94.0.992.38"
51.154.139.7 - - [09/Oct/2021:11:53:36 +0200] "GET /forum/cron.php?rand=1633773213 HTTP/2.0" 200 43 "https://www.bbkr.ch/forum/forumdisplay.php?f=119" "Mozilla/5.0 (Windows NT 10.0; Win64; x64) AppleWebKit/537.36 (KHTML, like Gecko) Chrome/94.0.4606.71 Safari/537.36 Edg/94.0.992.38"
51.154.139.7 - - [09/Oct/2021:11:53:36 +0200] "GET /forum/css.php?styleid=1&langid=2&d=1617778444&td=ltr&sheet=toolsmenu.css,forumbits.css,forumdisplay.css,threadlist.css,options.css HTTP/2.0" 200 5588 "https://www.bbkr.ch/forum/forumdisplay.php?f=119" "Mozilla/5.0 (Windows NT 10.0; Win64; x64) AppleWebKit/537.36 (KHTML, like Gecko) Chrome/94.0.4606.71 Safari/537.36 Edg/94.0.992.38"
51.154.139.7 - - [09/Oct/2021:11:53:45 +0200] "GET /forum/showthread.php?t=10670 HTTP/2.0" 200 20661 "https://www.bbkr.ch/forum/forumdisplay.php?f=119" "Mozilla/5.0 (Windows NT 10.0; Win64; x64) AppleWebKit/537.36 (KHTML, like Gecko) Chrome/94.0.4606.71 Safari/537.36 Edg/94.0.992.38"
51.154.139.7 - - [09/Oct/2021:11:53:49 +0200] "GET /forum/cron.php?rand=1633773225 HTTP/2.0" 200 43 "https://www.bbkr.ch/forum/showthread.php?t=10670" "Mozilla/5.0 (Windows NT 10.0; Win64; x64) AppleWebKit/537.36 (KHTML, like Gecko) Chrome/94.0.4606.71 Safari/537.36 Edg/94.0.992.38"
51.154.139.7 - - [09/Oct/2021:11:53:58 +0200] "POST /forum/ajax.php HTTP/2.0" 200 83 "https://www.bbkr.ch/forum/showthread.php?t=10670" "Mozilla/5.0 (Windows NT 10.0; Win64; x64) AppleWebKit/537.36 (KHTML, like Gecko) Chrome/94.0.4606.71 Safari/537.36 Edg/94.0.992.38"
51.154.139.7 - - [09/Oct/2021:11:54:12 +0200] "POST /forum/ajax.php HTTP/2.0" 200 1890 "https://www.bbkr.ch/forum/showthread.php?t=10670" "Mozilla/5.0 (Windows NT 10.0; Win64; x64) AppleWebKit/537.36 (KHTML, like Gecko) Chrome/94.0.4606.71 Safari/537.36 Edg/94.0.992.38"
51.154.139.7 - - [09/Oct/2021:11:54:15 +0200] "POST /forum/newreply.php?do=postreply&t=10670 HTTP/2.0" 200 1853 "https://www.bbkr.ch/forum/showthread.php?t=10670" "Mozilla/5.0 (Windows NT 10.0; Win64; x64) AppleWebKit/537.36 (KHTML, like Gecko) Chrome/94.0.4606.71 Safari/537.36 Edg/94.0.992.38"
51.154.139.7 - - [09/Oct/2021:11:54:24 +0200] "GET /forum/images/statusicon/post_new.png HTTP/2.0" 200 439 "https://www.bbkr.ch/forum/css.php?styleid=1&langid=2&d=1617778444&td=ltr&sheet=toolsmenu.css,postlist.css,showthread.css,postbit.css,options.css,attachment.css,poll.css,lightbox.css" "Mozilla/5.0 (Windows NT 10.0; Win64; x64) AppleWebKit/537.36 (KHTML, like Gecko) Chrome/94.0.4606.71 Safari/537.36 Edg/94.0.992.38"
51.154.139.7 - - [09/Oct/2021:11:54:24 +0200] "GET /forum/images/buttons/firstnew.png HTTP/2.0" 304 - "https://www.bbkr.ch/forum/css.php?styleid=1&langid=2&d=1617778444&td=ltr&sheet=toolsmenu.css,postlist.css,showthread.css,postbit.css,options.css,attachment.css,poll.css,lightbox.css" "Mozilla/5.0 (Windows NT 10.0; Win64; x64) AppleWebKit/537.36 (KHTML, like Gecko) Chrome/94.0.4606.71 Safari/537.36 Edg/94.0.992.38"
51.154.139.7 - - [09/Oct/2021:11:54:21 +0200] "GET /forum/showthread.php?t=10670&p=64196 HTTP/2.0" 200 23184 "https://www.bbkr.ch/forum/newreply.php?do=postreply&t=10670" "Mozilla/5.0 (Windows NT 10.0; Win64; x64) AppleWebKit/537.36 (KHTML, like Gecko) Chrome/94.0.4606.71 Safari/537.36 Edg/94.0.992.38"
51.154.139.7 - - [09/Oct/2021:11:54:24 +0200] "GET /forum/cron.php?rand=1633773261 HTTP/2.0" 200 43 "https://www.bbkr.ch/forum/showthread.php?t=10670&p=64196" "Mozilla/5.0 (Windows NT 10.0; Win64; x64) AppleWebKit/537.36 (KHTML, like Gecko) Chrome/94.0.4606.71 Safari/537.36 Edg/94.0.992.38"
51.154.139.7 - - [09/Oct/2021:11:54:46 +0200] "GET /forum/editpost.php?p=64196&do=editpost HTTP/2.0" 200 13506 "https://www.bbkr.ch/forum/showthread.php?t=10670&p=64196" "Mozilla/5.0 (Windows NT 10.0; Win64; x64) AppleWebKit/537.36 (KHTML, like Gecko) Chrome/94.0.4606.71 Safari/537.36 Edg/94.0.992.38"
51.154.139.7 - - [09/Oct/2021:11:54:50 +0200] "POST /forum/ajax.php HTTP/2.0" 200 1949 "https://www.bbkr.ch/forum/editpost.php?p=64196&do=editpost" "Mozilla/5.0 (Windows NT 10.0; Win64; x64) AppleWebKit/537.36 (KHTML, like Gecko) Chrome/94.0.4606.71 Safari/537.36 Edg/94.0.992.38"
51.154.139.7 - - [09/Oct/2021:11:54:49 +0200] "GET /forum/cron.php?rand=1633773286 HTTP/2.0" 200 43 "https://www.bbkr.ch/forum/editpost.php?p=64196&do=editpost" "Mozilla/5.0 (Windows NT 10.0; Win64; x64) AppleWebKit/537.36 (KHTML, like Gecko) Chrome/94.0.4606.71 Safari/537.36 Edg/94.0.992.38"
51.154.139.7 - - [09/Oct/2021:11:55:07 +0200] "GET /forum/clientscript/ckeditor/skins/kama/dialog.css?t=B8DJ5M3 HTTP/2.0" 200 3961 "https://www.bbkr.ch/forum/editpost.php?p=64196&do=editpost" "Mozilla/5.0 (Windows NT 10.0; Win64; x64) AppleWebKit/537.36 (KHTML, like Gecko) Chrome/94.0.4606.71 Safari/537.36 Edg/94.0.992.38"
51.154.139.7 - - [09/Oct/2021:11:55:07 +0200] "GET /forum/clientscript/ckeplugins/vblink/dialogs/link.js?t=B8DJ5M3 HTTP/2.0" 200 8553 "https://www.bbkr.ch/forum/editpost.php?p=64196&do=editpost" "Mozilla/5.0 (Windows NT 10.0; Win64; x64) AppleWebKit/537.36 (KHTML, like Gecko) Chrome/94.0.4606.71 Safari/537.36 Edg/94.0.992.38"
185.191.171.14 - - [09/Oct/2021:11:55:19 +0200] "GET /robots.txt HTTP/1.1" 200 26 "-" "Mozilla/5.0 (compatible; SemrushBot/7~bl; +http://www.semrush.com/bot.html)"
51.154.139.7 - - [09/Oct/2021:11:55:18 +0200] "POST /forum/ajax.php HTTP/2.0" 200 1924 "https://www.bbkr.ch/forum/editpost.php?p=64196&do=editpost" "Mozilla/5.0 (Windows NT 10.0; Win64; x64) AppleWebKit/537.36 (KHTML, like Gecko) Chrome/94.0.4606.71 Safari/537.36 Edg/94.0.992.38"
144.168.188.238 - - [09/Oct/2021:11:55:21 +0200] "GET /forum/showthread.php?t=3172 HTTP/1.1" 200 11819 "https://www.bbkr.ch/" "Mozilla/5.0 (Windows NT 6.2; Win64; x64; rv:60.0) Gecko/20100101 Firefox/60.0"
51.154.139.7 - - [09/Oct/2021:11:55:21 +0200] "POST /forum/editpost.php?do=updatepost&p=64196 HTTP/2.0" 200 1815 "https://www.bbkr.ch/forum/editpost.php?p=64196&do=editpost" "Mozilla/5.0 (Windows NT 10.0; Win64; x64) AppleWebKit/537.36 (KHTML, like Gecko) Chrome/94.0.4606.71 Safari/537.36 Edg/94.0.992.38"
51.154.139.7 - - [09/Oct/2021:11:55:26 +0200] "GET /forum/showthread.php?t=10670&p=64196 HTTP/2.0" 200 23288 "https://www.bbkr.ch/forum/editpost.php?do=updatepost&p=64196" "Mozilla/5.0 (Windows NT 10.0; Win64; x64) AppleWebKit/537.36 (KHTML, like Gecko) Chrome/94.0.4606.71 Safari/537.36 Edg/94.0.992.38"
144.168.188.238 - - [09/Oct/2021:11:55:27 +0200] "GET /forum/register.php?s=98e87953c7d5f651d535de645a3fce48 HTTP/1.1" 200 7544 "https://www.bbkr.ch/" "Mozilla/5.0 (Windows NT 6.2; Win64; x64; rv:60.0) Gecko/20100101 Firefox/60.0"
51.154.139.7 - - [09/Oct/2021:11:55:29 +0200] "GET /forum/cron.php?rand=1633773326 HTTP/2.0" 200 43 "https://www.bbkr.ch/forum/showthread.php?t=10670&p=64196" "Mozilla/5.0 (Windows NT 10.0; Win64; x64) AppleWebKit/537.36 (KHTML, like Gecko) Chrome/94.0.4606.71 Safari/537.36 Edg/94.0.992.38"
144.168.188.238 - - [09/Oct/2021:11:55:32 +0200] "GET /forum/ HTTP/1.1" 200 28238 "https://www.bbkr.ch/forum/register.php?s=98e87953c7d5f651d535de645a3fce48" "Mozilla/5.0 (Windows NT 6.2; Win64; x64; rv:60.0) Gecko/20100101 Firefox/60.0"
144.168.188.238 - - [09/Oct/2021:11:55:37 +0200] "POST /forum/login.php?do=login HTTP/1.1" 200 8324 "https://www.bbkr.ch/forum/register.php?s=98e87953c7d5f651d535de645a3fce48" "Mozilla/5.0 (Windows NT 6.2; Win64; x64; rv:60.0) Gecko/20100101 Firefox/60.0"
195.2.93.87 - - [09/Oct/2021:11:55:40 +0200] "GET /forum/index.php HTTP/1.0" 200 273829 "https://bbkr.ch/forum/index.php" "Mozilla/5.0 (Windows NT 10.0; Win64; x64) AppleWebKit/537.36 (KHTML, like Gecko) Chrome/90.0.4430.85 Safari/537.36 Edg/90.0.818.49"
144.168.188.238 - - [09/Oct/2021:11:55:42 +0200] "POST /forum/login.php?do=login HTTP/1.1" 200 8325 "https://www.bbkr.ch/forum/register.php?s=98e87953c7d5f651d535de645a3fce48" "Mozilla/5.0 (Windows NT 6.2; Win64; x64; rv:60.0) Gecko/20100101 Firefox/60.0"
195.2.93.87 - - [09/Oct/2021:11:55:44 +0200] "POST /forum/login.php?s=9eb7c63bfbfd1b404ee7dd8618b87f70&do=login HTTP/1.0" 200 28904 "https://bbkr.ch/forum/index.php" "Mozilla/5.0 (Windows NT 10.0; Win64; x64) AppleWebKit/537.36 (KHTML, like Gecko) Chrome/90.0.4430.85 Safari/537.36 Edg/90.0.818.49"
144.168.188.238 - - [09/Oct/2021:11:55:47 +0200] "POST /forum/login.php?do=login HTTP/1.1" 200 8325 "https://www.bbkr.ch/forum/register.php?s=98e87953c7d5f651d535de645a3fce48" "Mozilla/5.0 (Windows NT 6.2; Win64; x64; rv:60.0) Gecko/20100101 Firefox/60.0"
195.2.93.87 - - [09/Oct/2021:11:55:47 +0200] "GET /forum/usercp.php HTTP/1.0" 200 29908 "https://bbkr.ch/forum/usercp.php" "Mozilla/5.0 (Windows NT 10.0; Win64; x64) AppleWebKit/537.36 (KHTML, like Gecko) Chrome/90.0.4430.85 Safari/537.36 Edg/90.0.818.49"
195.2.93.87 - - [09/Oct/2021:11:55:50 +0200] "GET /forum/index.php HTTP/1.0" 200 246565 "https://bbkr.ch/forum/index.php" "Mozilla/5.0 (Windows NT 10.0; Win64; x64) AppleWebKit/537.36 (KHTML, like Gecko) Chrome/90.0.4430.85 Safari/537.36 Edg/90.0.818.49"
195.2.93.87 - - [09/Oct/2021:11:55:54 +0200] "GET /forum/forumdisplay.php?f=100 HTTP/1.0" 200 64288 "https://bbkr.ch/forum/forumdisplay.php?f=100" "Mozilla/5.0 (Windows NT 10.0; Win64; x64) AppleWebKit/537.36 (KHTML, like Gecko) Chrome/90.0.4430.85 Safari/537.36 Edg/90.0.818.49"
195.2.93.87 - - [09/Oct/2021:11:55:58 +0200] "GET /forum/forumdisplay.php?f=41 HTTP/1.0" 200 81757 "https://bbkr.ch/forum/forumdisplay.php?f=41" "Mozilla/5.0 (Windows NT 10.0; Win64; x64) AppleWebKit/537.36 (KHTML, like Gecko) Chrome/90.0.4430.85 Safari/537.36 Edg/90.0.818.49"
195.2.93.87 - - [09/Oct/2021:11:56:01 +0200] "GET /forum/forumdisplay.php?f=21 HTTP/1.0" 200 95998 "https://bbkr.ch/forum/forumdisplay.php?f=21" "Mozilla/5.0 (Windows NT 10.0; Win64; x64) AppleWebKit/537.36 (KHTML, like Gecko) Chrome/90.0.4430.85 Safari/537.36 Edg/90.0.818.49"
195.2.93.87 - - [09/Oct/2021:11:56:04 +0200] "GET /forum/forumdisplay.php?f=98 HTTP/1.0" 200 79947 "https://bbkr.ch/forum/forumdisplay.php?f=98" "Mozilla/5.0 (Windows NT 10.0; Win64; x64) AppleWebKit/537.36 (KHTML, like Gecko) Chrome/90.0.4430.85 Safari/537.36 Edg/90.0.818.49"
195.2.93.87 - - [09/Oct/2021:11:56:08 +0200] "GET /forum/forumdisplay.php?f=73 HTTP/1.0" 200 85378 "https://bbkr.ch/forum/forumdisplay.php?f=73" "Mozilla/5.0 (Windows NT 10.0; Win64; x64) AppleWebKit/537.36 (KHTML, like Gecko) Chrome/90.0.4430.85 Safari/537.36 Edg/90.0.818.49"
195.2.93.87 - - [09/Oct/2021:11:56:11 +0200] "GET /forum/forumdisplay.php?f=94 HTTP/1.0" 200 61086 "https://bbkr.ch/forum/forumdisplay.php?f=94" "Mozilla/5.0 (Windows NT 10.0; Win64; x64) AppleWebKit/537.36 (KHTML, like Gecko) Chrome/90.0.4430.85 Safari/537.36 Edg/90.0.818.49"
195.2.93.87 - - [09/Oct/2021:11:56:14 +0200] "GET /forum/forumdisplay.php?f=39 HTTP/1.0" 200 81712 "https://bbkr.ch/forum/forumdisplay.php?f=39" "Mozilla/5.0 (Windows NT 10.0; Win64; x64) AppleWebKit/537.36 (KHTML, like Gecko) Chrome/90.0.4430.85 Safari/537.36 Edg/90.0.818.49"
195.2.93.87 - - [09/Oct/2021:11:56:18 +0200] "GET /forum/forumdisplay.php?f=51 HTTP/1.0" 200 83654 "https://bbkr.ch/forum/forumdisplay.php?f=51" "Mozilla/5.0 (Windows NT 10.0; Win64; x64) AppleWebKit/537.36 (KHTML, like Gecko) Chrome/90.0.4430.85 Safari/537.36 Edg/90.0.818.49"
195.2.93.87 - - [09/Oct/2021:11:56:21 +0200] "GET /forum/forumdisplay.php?f=85 HTTP/1.0" 200 82337 "https://bbkr.ch/forum/forumdisplay.php?f=85" "Mozilla/5.0 (Windows NT 10.0; Win64; x64) AppleWebKit/537.36 (KHTML, like Gecko) Chrome/90.0.4430.85 Safari/537.36 Edg/90.0.818.49"
195.2.93.87 - - [09/Oct/2021:11:56:24 +0200] "GET /forum/forumdisplay.php?f=13 HTTP/1.0" 200 78992 "https://bbkr.ch/forum/forumdisplay.php?f=13" "Mozilla/5.0 (Windows NT 10.0; Win64; x64) AppleWebKit/537.36 (KHTML, like Gecko) Chrome/90.0.4430.85 Safari/537.36 Edg/90.0.818.49"
195.2.93.87 - - [09/Oct/2021:11:56:28 +0200] "GET /forum/forumdisplay.php?f=108 HTTP/1.0" 200 79629 "https://bbkr.ch/forum/forumdisplay.php?f=108" "Mozilla/5.0 (Windows NT 10.0; Win64; x64) AppleWebKit/537.36 (KHTML, like Gecko) Chrome/90.0.4430.85 Safari/537.36 Edg/90.0.818.49"
195.2.93.87 - - [09/Oct/2021:11:56:31 +0200] "GET /forum/forumdisplay.php?f=71 HTTP/1.0" 200 81753 "https://bbkr.ch/forum/forumdisplay.php?f=71" "Mozilla/5.0 (Windows NT 10.0; Win64; x64) AppleWebKit/537.36 (KHTML, like Gecko) Chrome/90.0.4430.85 Safari/537.36 Edg/90.0.818.49"
195.2.93.87 - - [09/Oct/2021:11:56:34 +0200] "GET /forum/forumdisplay.php?f=84 HTTP/1.0" 200 49533 "https://bbkr.ch/forum/forumdisplay.php?f=84" "Mozilla/5.0 (Windows NT 10.0; Win64; x64) AppleWebKit/537.36 (KHTML, like Gecko) Chrome/90.0.4430.85 Safari/537.36 Edg/90.0.818.49"
195.2.93.87 - - [09/Oct/2021:11:56:38 +0200] "GET /forum/forumdisplay.php?f=33 HTTP/1.0" 200 46256 "https://bbkr.ch/forum/forumdisplay.php?f=33" "Mozilla/5.0 (Windows NT 10.0; Win64; x64) AppleWebKit/537.36 (KHTML, like Gecko) Chrome/90.0.4430.85 Safari/537.36 Edg/90.0.818.49"
195.2.93.87 - - [09/Oct/2021:11:56:41 +0200] "GET /forum/forumdisplay.php?f=15 HTTP/1.0" 200 84754 "https://bbkr.ch/forum/forumdisplay.php?f=15" "Mozilla/5.0 (Windows NT 10.0; Win64; x64) AppleWebKit/537.36 (KHTML, like Gecko) Chrome/90.0.4430.85 Safari/537.36 Edg/90.0.818.49"
195.2.93.87 - - [09/Oct/2021:11:56:44 +0200] "GET /forum/forumdisplay.php?f=80 HTTP/1.0" 200 82280 "https://bbkr.ch/forum/forumdisplay.php?f=80" "Mozilla/5.0 (Windows NT 10.0; Win64; x64) AppleWebKit/537.36 (KHTML, like Gecko) Chrome/90.0.4430.85 Safari/537.36 Edg/90.0.818.49"
195.2.93.87 - - [09/Oct/2021:11:56:47 +0200] "GET /forum/forumdisplay.php?f=74 HTTP/1.0" 200 80477 "https://bbkr.ch/forum/forumdisplay.php?f=74" "Mozilla/5.0 (Windows NT 10.0; Win64; x64) AppleWebKit/537.36 (KHTML, like Gecko) Chrome/90.0.4430.85 Safari/537.36 Edg/90.0.818.49"
195.2.93.87 - - [09/Oct/2021:11:56:51 +0200] "GET /forum/forumdisplay.php?f=42 HTTP/1.0" 200 82015 "https://bbkr.ch/forum/forumdisplay.php?f=42" "Mozilla/5.0 (Windows NT 10.0; Win64; x64) AppleWebKit/537.36 (KHTML, like Gecko) Chrome/90.0.4430.85 Safari/537.36 Edg/90.0.818.49"
195.2.93.87 - - [09/Oct/2021:11:56:54 +0200] "GET /forum/forumdisplay.php?f=32 HTTP/1.0" 200 81697 "https://bbkr.ch/forum/forumdisplay.php?f=32" "Mozilla/5.0 (Windows NT 10.0; Win64; x64) AppleWebKit/537.36 (KHTML, like Gecko) Chrome/90.0.4430.85 Safari/537.36 Edg/90.0.818.49"
185.220.102.251 - - [09/Oct/2021:11:56:57 +0200] "GET /forum/index.php HTTP/1.0" 301 239 "http://bbkr.ch/forum/index.php" "Mozilla/5.0 (Windows NT 6.1; Win64; x64) AppleWebKit/537.36 (KHTML, like Gecko) Chrome/90.0.4430.85 Safari/537.36"
195.2.93.87 - - [09/Oct/2021:11:56:57 +0200] "GET /forum/forumdisplay.php?f=37 HTTP/1.0" 200 78838 "https://bbkr.ch/forum/forumdisplay.php?f=37" "Mozilla/5.0 (Windows NT 10.0; Win64; x64) AppleWebKit/537.36 (KHTML, like Gecko) Chrome/90.0.4430.85 Safari/537.36 Edg/90.0.818.49"
195.2.93.87 - - [09/Oct/2021:11:57:01 +0200] "GET /forum/forumdisplay.php?f=24 HTTP/1.0" 200 81385 "https://bbkr.ch/forum/forumdisplay.php?f=24" "Mozilla/5.0 (Windows NT 10.0; Win64; x64) AppleWebKit/537.36 (KHTML, like Gecko) Chrome/90.0.4430.85 Safari/537.36 Edg/90.0.818.49"
195.2.93.87 - - [09/Oct/2021:11:57:04 +0200] "GET /forum/forumdisplay.php?f=49 HTTP/1.0" 200 56550 "https://bbkr.ch/forum/forumdisplay.php?f=49" "Mozilla/5.0 (Windows NT 10.0; Win64; x64) AppleWebKit/537.36 (KHTML, like Gecko) Chrome/90.0.4430.85 Safari/537.36 Edg/90.0.818.49"
185.220.102.251 - - [09/Oct/2021:11:57:04 +0200] "GET /forum/index.php HTTP/1.0" 200 273845 "https://bbkr.ch/forum/index.php" "Mozilla/5.0 (Windows NT 6.1; Win64; x64) AppleWebKit/537.36 (KHTML, like Gecko) Chrome/90.0.4430.85 Safari/537.36"
195.2.93.87 - - [09/Oct/2021:11:57:07 +0200] "GET /forum/forumdisplay.php?f=31 HTTP/1.0" 200 84567 "https://bbkr.ch/forum/forumdisplay.php?f=31" "Mozilla/5.0 (Windows NT 10.0; Win64; x64) AppleWebKit/537.36 (KHTML, like Gecko) Chrome/90.0.4430.85 Safari/537.36 Edg/90.0.818.49"
195.2.93.87 - - [09/Oct/2021:11:57:11 +0200] "GET /forum/forumdisplay.php?f=60 HTTP/1.0" 200 83257 "https://bbkr.ch/forum/forumdisplay.php?f=60" "Mozilla/5.0 (Windows NT 10.0; Win64; x64) AppleWebKit/537.36 (KHTML, like Gecko) Chrome/90.0.4430.85 Safari/537.36 Edg/90.0.818.49"
195.2.93.87 - - [09/Oct/2021:11:57:14 +0200] "GET /forum/forumdisplay.php?f=28 HTTP/1.0" 200 85694 "https://bbkr.ch/forum/forumdisplay.php?f=28" "Mozilla/5.0 (Windows NT 10.0; Win64; x64) AppleWebKit/537.36 (KHTML, like Gecko) Chrome/90.0.4430.85 Safari/537.36 Edg/90.0.818.49"
195.2.93.87 - - [09/Oct/2021:11:57:17 +0200] "GET /forum/forumdisplay.php?f=101 HTTP/1.0" 200 75374 "https://bbkr.ch/forum/forumdisplay.php?f=101" "Mozilla/5.0 (Windows NT 10.0; Win64; x64) AppleWebKit/537.36 (KHTML, like Gecko) Chrome/90.0.4430.85 Safari/537.36 Edg/90.0.818.49"
195.2.93.87 - - [09/Oct/2021:11:57:21 +0200] "GET /forum/forumdisplay.php?f=19 HTTP/1.0" 200 83374 "https://bbkr.ch/forum/forumdisplay.php?f=19" "Mozilla/5.0 (Windows NT 10.0; Win64; x64) AppleWebKit/537.36 (KHTML, like Gecko) Chrome/90.0.4430.85 Safari/537.36 Edg/90.0.818.49"
195.2.93.87 - - [09/Oct/2021:11:57:24 +0200] "GET /forum/forumdisplay.php?f=50 HTTP/1.0" 200 50118 "https://bbkr.ch/forum/forumdisplay.php?f=50" "Mozilla/5.0 (Windows NT 10.0; Win64; x64) AppleWebKit/537.36 (KHTML, like Gecko) Chrome/90.0.4430.85 Safari/537.36 Edg/90.0.818.49"
195.2.93.87 - - [09/Oct/2021:11:57:27 +0200] "GET /forum/forumdisplay.php?f=69 HTTP/1.0" 200 79416 "https://bbkr.ch/forum/forumdisplay.php?f=69" "Mozilla/5.0 (Windows NT 10.0; Win64; x64) AppleWebKit/537.36 (KHTML, like Gecko) Chrome/90.0.4430.85 Safari/537.36 Edg/90.0.818.49"
195.2.93.87 - - [09/Oct/2021:11:57:31 +0200] "GET /forum/forumdisplay.php?f=12 HTTP/1.0" 200 80546 "https://bbkr.ch/forum/forumdisplay.php?f=12" "Mozilla/5.0 (Windows NT 10.0; Win64; x64) AppleWebKit/537.36 (KHTML, like Gecko) Chrome/90.0.4430.85 Safari/537.36 Edg/90.0.818.49"
185.220.102.251 - - [09/Oct/2021:11:57:32 +0200] "POST /forum/login.php?s=293c621dd006951e7bca7ba84b00a0ae&do=login HTTP/1.0" 200 28904 "https://bbkr.ch/forum/index.php" "Mozilla/5.0 (Windows NT 6.1; Win64; x64) AppleWebKit/537.36 (KHTML, like Gecko) Chrome/90.0.4430.85 Safari/537.36"
195.2.93.87 - - [09/Oct/2021:11:57:34 +0200] "GET /forum/forumdisplay.php?f=119 HTTP/1.0" 200 73391 "https://bbkr.ch/forum/forumdisplay.php?f=119" "Mozilla/5.0 (Windows NT 10.0; Win64; x64) AppleWebKit/537.36 (KHTML, like Gecko) Chrome/90.0.4430.85 Safari/537.36 Edg/90.0.818.49"
216.244.66.227 - - [09/Oct/2021:11:57:38 +0200] "GET /robots.txt HTTP/1.1" 301 234 "-" "Mozilla/5.0 (compatible; DotBot/1.2; +https://opensiteexplorer.org/dotbot; help@moz.com)"
216.244.66.227 - - [09/Oct/2021:11:57:38 +0200] "GET /robots.txt HTTP/1.1" 301 238 "-" "Mozilla/5.0 (compatible; DotBot/1.2; +https://opensiteexplorer.org/dotbot; help@moz.com)"
216.244.66.227 - - [09/Oct/2021:11:57:39 +0200] "GET /robots.txt HTTP/1.1" 200 26 "-" "Mozilla/5.0 (compatible; DotBot/1.2; +https://opensiteexplorer.org/dotbot; help@moz.com)"
216.244.66.227 - - [09/Oct/2021:11:57:39 +0200] "GET /robots.txt HTTP/1.1" 200 26 "-" "Mozilla/5.0 (compatible; DotBot/1.2; +https://opensiteexplorer.org/dotbot; help@moz.com)"
195.2.93.87 - - [09/Oct/2021:11:57:37 +0200] "GET /forum/forumdisplay.php?f=113 HTTP/1.0" 200 66735 "https://bbkr.ch/forum/forumdisplay.php?f=113" "Mozilla/5.0 (Windows NT 10.0; Win64; x64) AppleWebKit/537.36 (KHTML, like Gecko) Chrome/90.0.4430.85 Safari/537.36 Edg/90.0.818.49"
195.2.93.87 - - [09/Oct/2021:11:57:41 +0200] "GET /forum/forumdisplay.php?f=38 HTTP/1.0" 200 82006 "https://bbkr.ch/forum/forumdisplay.php?f=38" "Mozilla/5.0 (Windows NT 10.0; Win64; x64) AppleWebKit/537.36 (KHTML, like Gecko) Chrome/90.0.4430.85 Safari/537.36 Edg/90.0.818.49"
185.220.102.251 - - [09/Oct/2021:11:57:42 +0200] "GET /forum/usercp.php HTTP/1.0" 200 29908 "https://bbkr.ch/forum/usercp.php" "Mozilla/5.0 (Windows NT 6.1; Win64; x64) AppleWebKit/537.36 (KHTML, like Gecko) Chrome/90.0.4430.85 Safari/537.36"
195.2.93.87 - - [09/Oct/2021:11:57:44 +0200] "GET /forum/forumdisplay.php?f=8 HTTP/1.0" 200 33603 "https://bbkr.ch/forum/forumdisplay.php?f=8" "Mozilla/5.0 (Windows NT 10.0; Win64; x64) AppleWebKit/537.36 (KHTML, like Gecko) Chrome/90.0.4430.85 Safari/537.36 Edg/90.0.818.49"
195.2.93.87 - - [09/Oct/2021:11:57:47 +0200] "GET /forum/forumdisplay.php?f=104 HTTP/1.0" 200 70135 "https://bbkr.ch/forum/forumdisplay.php?f=104" "Mozilla/5.0 (Windows NT 10.0; Win64; x64) AppleWebKit/537.36 (KHTML, like Gecko) Chrome/90.0.4430.85 Safari/537.36 Edg/90.0.818.49"
195.2.93.87 - - [09/Oct/2021:11:57:50 +0200] "GET /forum/forumdisplay.php?f=66 HTTP/1.0" 200 82393 "https://bbkr.ch/forum/forumdisplay.php?f=66" "Mozilla/5.0 (Windows NT 10.0; Win64; x64) AppleWebKit/537.36 (KHTML, like Gecko) Chrome/90.0.4430.85 Safari/537.36 Edg/90.0.818.49"
195.2.93.87 - - [09/Oct/2021:11:57:54 +0200] "GET /forum/forumdisplay.php?f=132 HTTP/1.0" 200 38762 "https://bbkr.ch/forum/forumdisplay.php?f=132" "Mozilla/5.0 (Windows NT 10.0; Win64; x64) AppleWebKit/537.36 (KHTML, like Gecko) Chrome/90.0.4430.85 Safari/537.36 Edg/90.0.818.49"
195.2.93.87 - - [09/Oct/2021:11:57:57 +0200] "GET /forum/forumdisplay.php?f=134 HTTP/1.0" 200 41441 "https://bbkr.ch/forum/forumdisplay.php?f=134" "Mozilla/5.0 (Windows NT 10.0; Win64; x64) AppleWebKit/537.36 (KHTML, like Gecko) Chrome/90.0.4430.85 Safari/537.36 Edg/90.0.818.49"
185.220.102.251 - - [09/Oct/2021:11:57:58 +0200] "GET /forum/index.php HTTP/1.0" 200 246606 "https://bbkr.ch/forum/index.php" "Mozilla/5.0 (Windows NT 6.1; Win64; x64) AppleWebKit/537.36 (KHTML, like Gecko) Chrome/90.0.4430.85 Safari/537.36"
195.2.93.87 - - [09/Oct/2021:11:58:00 +0200] "GET /forum/forumdisplay.php?f=11 HTTP/1.0" 200 109900 "https://bbkr.ch/forum/forumdisplay.php?f=11" "Mozilla/5.0 (Windows NT 10.0; Win64; x64) AppleWebKit/537.36 (KHTML, like Gecko) Chrome/90.0.4430.85 Safari/537.36 Edg/90.0.818.49"
195.2.93.87 - - [09/Oct/2021:11:58:04 +0200] "GET /forum/forumdisplay.php?f=58 HTTP/1.0" 200 82453 "https://bbkr.ch/forum/forumdisplay.php?f=58" "Mozilla/5.0 (Windows NT 10.0; Win64; x64) AppleWebKit/537.36 (KHTML, like Gecko) Chrome/90.0.4430.85 Safari/537.36 Edg/90.0.818.49"
195.2.93.87 - - [09/Oct/2021:11:58:07 +0200] "GET /forum/forumdisplay.php?f=133 HTTP/1.0" 200 46780 "https://bbkr.ch/forum/forumdisplay.php?f=133" "Mozilla/5.0 (Windows NT 10.0; Win64; x64) AppleWebKit/537.36 (KHTML, like Gecko) Chrome/90.0.4430.85 Safari/537.36 Edg/90.0.818.49"
195.2.93.87 - - [09/Oct/2021:11:58:11 +0200] "GET /forum/forumdisplay.php?f=68 HTTP/1.0" 200 67724 "https://bbkr.ch/forum/forumdisplay.php?f=68" "Mozilla/5.0 (Windows NT 10.0; Win64; x64) AppleWebKit/537.36 (KHTML, like Gecko) Chrome/90.0.4430.85 Safari/537.36 Edg/90.0.818.49"
195.2.93.87 - - [09/Oct/2021:11:58:14 +0200] "GET /forum/forumdisplay.php?f=96 HTTP/1.0" 200 79814 "https://bbkr.ch/forum/forumdisplay.php?f=96" "Mozilla/5.0 (Windows NT 10.0; Win64; x64) AppleWebKit/537.36 (KHTML, like Gecko) Chrome/90.0.4430.85 Safari/537.36 Edg/90.0.818.49"
195.2.93.87 - - [09/Oct/2021:11:58:17 +0200] "GET /forum/forumdisplay.php?f=111 HTTP/1.0" 200 80785 "https://bbkr.ch/forum/forumdisplay.php?f=111" "Mozilla/5.0 (Windows NT 10.0; Win64; x64) AppleWebKit/537.36 (KHTML, like Gecko) Chrome/90.0.4430.85 Safari/537.36 Edg/90.0.818.49"
195.2.93.87 - - [09/Oct/2021:11:58:21 +0200] "GET /forum/forumdisplay.php?f=22 HTTP/1.0" 200 79968 "https://bbkr.ch/forum/forumdisplay.php?f=22" "Mozilla/5.0 (Windows NT 10.0; Win64; x64) AppleWebKit/537.36 (KHTML, like Gecko) Chrome/90.0.4430.85 Safari/537.36 Edg/90.0.818.49"
23.129.64.149 - - [09/Oct/2021:11:58:24 +0200] "GET /forum/forumdisplay.php?f=109 HTTP/1.0" 200 51140 "https://bbkr.ch/forum/forumdisplay.php?f=109" "Mozilla/5.0 (Windows NT 6.1; Win64; x64) AppleWebKit/537.36 (KHTML, like Gecko) Chrome/90.0.4430.85 Safari/537.36"
195.2.93.87 - - [09/Oct/2021:11:58:24 +0200] "GET /forum/forumdisplay.php?f=18 HTTP/1.0" 200 86381 "https://bbkr.ch/forum/forumdisplay.php?f=18" "Mozilla/5.0 (Windows NT 10.0; Win64; x64) AppleWebKit/537.36 (KHTML, like Gecko) Chrome/90.0.4430.85 Safari/537.36 Edg/90.0.818.49"
195.2.93.87 - - [09/Oct/2021:11:58:28 +0200] "GET /forum/forumdisplay.php?f=72 HTTP/1.0" 200 67434 "https://bbkr.ch/forum/forumdisplay.php?f=72" "Mozilla/5.0 (Windows NT 10.0; Win64; x64) AppleWebKit/537.36 (KHTML, like Gecko) Chrome/90.0.4430.85 Safari/537.36 Edg/90.0.818.49"
2a01:598:80b3:4441:3c86:7879:598e:dcb - - [09/Oct/2021:11:58:33 +0200] "GET /Bibel%20und%20Bibeltools%20Bbkr/bibel_und_bibeltools_bbkr.html HTTP/2.0" 200 5731 "-" "Mozilla/5.0 (Linux; Android 11; SM-A715F Build/RP1A.200720.012; wv) AppleWebKit/537.36 (KHTML, like Gecko) Version/4.0 Chrome/94.0.4606.71 Mobile Safari/537.36"
2a01:598:80b3:4441:3c86:7879:598e:dcb - - [09/Oct/2021:11:58:33 +0200] "GET /favicon.ico HTTP/2.0" 404 196 "https://bbkr.ch/Bibel%20und%20Bibeltools%20Bbkr/bibel_und_bibeltools_bbkr.html" "Mozilla/5.0 (Linux; Android 11; SM-A715F Build/RP1A.200720.012; wv) AppleWebKit/537.36 (KHTML, like Gecko) Version/4.0 Chrome/94.0.4606.71 Mobile Safari/537.36"
193.32.127.156 - - [09/Oct/2021:11:58:29 +0200] "GET /forum/forumdisplay.php?f=109&sort=lastpost&order=asc HTTP/1.0" 200 51366 "https://bbkr.ch/forum/forumdisplay.php?f=109&sort=lastpost&order=asc" "Mozilla/5.0 (Windows NT 6.1; Win64; x64) AppleWebKit/537.36 (KHTML, like Gecko) Chrome/90.0.4430.85 Safari/537.36"
195.2.93.87 - - [09/Oct/2021:11:58:31 +0200] "GET /forum/forumdisplay.php?f=90 HTTP/1.0" 200 85165 "https://bbkr.ch/forum/forumdisplay.php?f=90" "Mozilla/5.0 (Windows NT 10.0; Win64; x64) AppleWebKit/537.36 (KHTML, like Gecko) Chrome/90.0.4430.85 Safari/537.36 Edg/90.0.818.49"
193.32.127.156 - - [09/Oct/2021:11:58:34 +0200] "GET /forum/forumdisplay.php?f=109&sort=lastpost&order=desc HTTP/1.0" 200 51371 "https://bbkr.ch/forum/forumdisplay.php?f=109&sort=lastpost&order=desc" "Mozilla/5.0 (Windows NT 6.1; Win64; x64) AppleWebKit/537.36 (KHTML, like Gecko) Chrome/90.0.4430.85 Safari/537.36"
195.2.93.87 - - [09/Oct/2021:11:58:34 +0200] "GET /forum/forumdisplay.php?f=45 HTTP/1.0" 200 81857 "https://bbkr.ch/forum/forumdisplay.php?f=45" "Mozilla/5.0 (Windows NT 10.0; Win64; x64) AppleWebKit/537.36 (KHTML, like Gecko) Chrome/90.0.4430.85 Safari/537.36 Edg/90.0.818.49"
2a01:598:80b3:4441:3c86:7879:598e:dcb - - [09/Oct/2021:11:58:38 +0200] "GET /Bibel%20und%20Bibeltools%20Bbkr/bibel_und_bibeltools_bbkr.html HTTP/2.0" 200 5731 "-" "Mozilla/5.0 (Linux; Android 11; SM-A715F) AppleWebKit/537.36 (KHTML, like Gecko) Chrome/94.0.4606.71 Mobile Safari/537.36"
2a01:598:80b3:4441:3c86:7879:598e:dcb - - [09/Oct/2021:11:58:39 +0200] "GET /favicon.ico HTTP/2.0" 404 196 "https://bbkr.ch/Bibel%20und%20Bibeltools%20Bbkr/bibel_und_bibeltools_bbkr.html" "Mozilla/5.0 (Linux; Android 11; SM-A715F) AppleWebKit/537.36 (KHTML, like Gecko) Chrome/94.0.4606.71 Mobile Safari/537.36"
195.2.93.87 - - [09/Oct/2021:11:58:38 +0200] "GET /forum/forumdisplay.php?f=118 HTTP/1.0" 200 57323 "https://bbkr.ch/forum/forumdisplay.php?f=118" "Mozilla/5.0 (Windows NT 10.0; Win64; x64) AppleWebKit/537.36 (KHTML, like Gecko) Chrome/90.0.4430.85 Safari/537.36 Edg/90.0.818.49"
195.2.93.87 - - [09/Oct/2021:11:58:42 +0200] "GET /forum/forumdisplay.php?f=59 HTTP/1.0" 200 84659 "https://bbkr.ch/forum/forumdisplay.php?f=59" "Mozilla/5.0 (Windows NT 10.0; Win64; x64) AppleWebKit/537.36 (KHTML, like Gecko) Chrome/90.0.4430.85 Safari/537.36 Edg/90.0.818.49"
185.220.101.53 - - [09/Oct/2021:11:58:43 +0200] "GET /forum/forumdisplay.php?f=109&sort=title&order=asc HTTP/1.0" 200 51345 "https://bbkr.ch/forum/forumdisplay.php?f=109&sort=title&order=asc" "Mozilla/5.0 (Windows NT 6.1; Win64; x64) AppleWebKit/537.36 (KHTML, like Gecko) Chrome/90.0.4430.85 Safari/537.36"
195.2.93.87 - - [09/Oct/2021:11:58:45 +0200] "GET /forum/showthread.php?t=6269 HTTP/1.0" 200 71680 "https://bbkr.ch/forum/showthread.php?t=6269" "Mozilla/5.0 (Windows NT 10.0; Win64; x64) AppleWebKit/537.36 (KHTML, like Gecko) Chrome/90.0.4430.85 Safari/537.36 Edg/90.0.818.49"
195.2.93.87 - - [09/Oct/2021:11:58:49 +0200] "GET /forum/newreply.php?do=newreply&p=42862 HTTP/1.0" 200 29988 "https://bbkr.ch/forum/newreply.php?do=newreply&p=42862" "Mozilla/5.0 (Windows NT 10.0; Win64; x64) AppleWebKit/537.36 (KHTML, like Gecko) Chrome/90.0.4430.85 Safari/537.36 Edg/90.0.818.49"
109.70.100.26 - - [09/Oct/2021:11:59:07 +0200] "GET /forum/showthread.php?t=6844&p=46993 HTTP/1.0" 301 - "https://bbkr.ch/forum/showthread.php?t=6844&p=46993" "Mozilla/5.0 (Windows NT 6.1; Win64; x64) AppleWebKit/537.36 (KHTML, like Gecko) Chrome/90.0.4430.85 Safari/537.36"
109.70.100.26 - - [09/Oct/2021:11:59:12 +0200] "GET /forum/showthread.php?t=6844&page=4&p=46993 HTTP/1.0" 200 63374 "https://bbkr.ch/forum/showthread.php?t=6844&page=4&p=46993#post46993" "Mozilla/5.0 (Windows NT 6.1; Win64; x64) AppleWebKit/537.36 (KHTML, like Gecko) Chrome/90.0.4430.85 Safari/537.36"
51.161.43.237 - - [09/Oct/2021:11:59:21 +0200] "GET /forum/newreply.php?do=newreply&p=46990 HTTP/1.0" 200 29988 "https://bbkr.ch/forum/newreply.php?do=newreply&p=46990" "Mozilla/5.0 (Windows NT 6.1; Win64; x64) AppleWebKit/537.36 (KHTML, like Gecko) Chrome/90.0.4430.85 Safari/537.36"
51.161.43.237 - - [09/Oct/2021:11:59:37 +0200] "GET /forum/showthread.php?t=10917&s=293c621dd006951e7bca7ba84b00a0ae&p=64175 HTTP/1.0" 200 64047 "https://bbkr.ch/forum/showthread.php?t=10917&s=293c621dd006951e7bca7ba84b00a0ae&p=64175" "Mozilla/5.0 (Windows NT 6.1; Win64; x64) AppleWebKit/537.36 (KHTML, like Gecko) Chrome/90.0.4430.85 Safari/537.36"
51.75.161.78 - - [09/Oct/2021:11:59:49 +0200] "GET /forum/newreply.php?do=newreply&p=64158 HTTP/1.0" 200 29988 "https://bbkr.ch/forum/newreply.php?do=newreply&p=64158" "Mozilla/5.0 (Windows NT 6.1; Win64; x64) AppleWebKit/537.36 (KHTML, like Gecko) Chrome/90.0.4430.85 Safari/537.36"
217.162.210.20 - - [09/Oct/2021:12:00:50 +0200] "GET /forum/printthread.php?t=8274&pp=10&page=1 HTTP/2.0" 200 6972 "https://www.bbkr.ch/forum/printthread.php?t=8274&pp=10&page=1" "Mozilla/5.0 (Windows NT 10.0; Win64; x64; rv:93.0) Gecko/20100101 Firefox/93.0"
217.162.210.20 - - [09/Oct/2021:12:00:53 +0200] "GET /forum/images/pagination/last-right.png HTTP/2.0" 200 160 "https://www.bbkr.ch/forum/printthread.php?t=8274&pp=10&page=1" "Mozilla/5.0 (Windows NT 10.0; Win64; x64; rv:93.0) Gecko/20100101 Firefox/93.0"
217.162.210.20 - - [09/Oct/2021:12:00:53 +0200] "GET /forum/images/Bibelkreis.gif HTTP/2.0" 200 1998 "https://www.bbkr.ch/forum/printthread.php?t=8274&pp=10&page=1" "Mozilla/5.0 (Windows NT 10.0; Win64; x64; rv:93.0) Gecko/20100101 Firefox/93.0"
217.162.210.20 - - [09/Oct/2021:12:00:53 +0200] "GET /forum/images/pagination/next-right.png HTTP/2.0" 200 131 "https://www.bbkr.ch/forum/printthread.php?t=8274&pp=10&page=1" "Mozilla/5.0 (Windows NT 10.0; Win64; x64; rv:93.0) Gecko/20100101 Firefox/93.0"
217.162.210.20 - - [09/Oct/2021:12:00:53 +0200] "GET /favicon.ico HTTP/2.0" 404 196 "https://www.bbkr.ch/forum/printthread.php?t=8274&pp=10&page=1" "Mozilla/5.0 (Windows NT 10.0; Win64; x64; rv:93.0) Gecko/20100101 Firefox/93.0"
217.162.210.20 - - [09/Oct/2021:12:00:53 +0200] "GET /forum/css.php?styleid=1&langid=2&d=1617778444&td=ltr&sheet=bbcode.css,popupmenu.css,printthread.css,vbulletin.css,vbulletin-chrome.css HTTP/2.0" 200 10116 "https://www.bbkr.ch/forum/printthread.php?t=8274&pp=10&page=1" "Mozilla/5.0 (Windows NT 10.0; Win64; x64; rv:93.0) Gecko/20100101 Firefox/93.0"
217.162.210.20 - - [09/Oct/2021:12:00:56 +0200] "GET /forum/images/gradients/gradient-grey-down.png HTTP/2.0" 200 182 "https://www.bbkr.ch/forum/css.php?styleid=1&langid=2&d=1617778444&td=ltr&sheet=bbcode.css,popupmenu.css,printthread.css,vbulletin.css,vbulletin-chrome.css" "Mozilla/5.0 (Windows NT 10.0; Win64; x64; rv:93.0) Gecko/20100101 Firefox/93.0"
217.162.210.20 - - [09/Oct/2021:12:00:56 +0200] "GET /forum/images/misc/black_downward_arrow.png HTTP/2.0" 200 135 "https://www.bbkr.ch/forum/css.php?styleid=1&langid=2&d=1617778444&td=ltr&sheet=bbcode.css,popupmenu.css,printthread.css,vbulletin.css,vbulletin-chrome.css" "Mozilla/5.0 (Windows NT 10.0; Win64; x64; rv:93.0) Gecko/20100101 Firefox/93.0"
217.162.210.20 - - [09/Oct/2021:12:00:53 +0200] "GET /forum/css.php?styleid=1&langid=2&d=1617778444&td=ltr&sheet=additional.css HTTP/2.0" 200 25 "https://www.bbkr.ch/forum/printthread.php?t=8274&pp=10&page=1" "Mozilla/5.0 (Windows NT 10.0; Win64; x64; rv:93.0) Gecko/20100101 Firefox/93.0"
217.162.210.20 - - [09/Oct/2021:12:00:56 +0200] "GET /forum/images/buttons/newbtn_middle.png HTTP/2.0" 200 95 "https://www.bbkr.ch/forum/css.php?styleid=1&langid=2&d=1617778444&td=ltr&sheet=bbcode.css,popupmenu.css,printthread.css,vbulletin.css,vbulletin-chrome.css" "Mozilla/5.0 (Windows NT 10.0; Win64; x64; rv:93.0) Gecko/20100101 Firefox/93.0"
192.3.59.90 - - [09/Oct/2021:12:01:54 +0200] "GET /forum/showthread.php?t=656 HTTP/1.1" 200 10926 "-" "Mozilla/5.0 (Windows NT 6.1; WOW64) AppleWebKit/537.36 (KHTML, like Gecko) Chrome/57.0.2987.133 Safari/537.36"
192.3.57.47 - - [09/Oct/2021:12:02:01 +0200] "GET /forum/showthread.php?t=528 HTTP/1.1" 200 10762 "-" "Mozilla/5.0 (Macintosh; Intel Mac OS X 10_11_6) AppleWebKit/537.36 (KHTML, like Gecko) Chrome/57.0.2987.133 Safari/537.36"
2a03:2880:32ff:77::face:b00c - - [09/Oct/2021:12:02:14 +0200] "GET /forum/forum.php HTTP/1.1" 200 27620 "-" "facebookexternalhit/1.1 (+http://www.facebook.com/externalhit_uatext.php)"
51.154.139.7 - - [09/Oct/2021:12:02:18 +0200] "GET / HTTP/2.0" 200 2519 "-" "Mozilla/5.0 (Windows NT 10.0; Win64; x64) AppleWebKit/537.36 (KHTML, like Gecko) Chrome/94.0.4606.81 Safari/537.36"
51.154.139.7 - - [09/Oct/2021:12:02:19 +0200] "GET /favicon.ico HTTP/2.0" 404 196 "https://bbkr.ch/" "Mozilla/5.0 (Windows NT 10.0; Win64; x64) AppleWebKit/537.36 (KHTML, like Gecko) Chrome/94.0.4606.81 Safari/537.36"
137.184.146.133 - - [09/Oct/2021:12:08:08 +0200] "GET /BEGRIFFSERKLAERUNG/ohne_titel_12.html HTTP/1.1" 200 335 "-" "-"
2001:1715:4e32:b041:4c2:b6b:42b0:3126 - - [09/Oct/2021:12:13:39 +0200] "GET /forum/clientscript/vbulletin-core.js?v=425 HTTP/2.0" 200 15222 "https://www.bbkr.ch/forum/showthread.php?t=2466" "Mozilla/5.0 (Windows NT 10.0; Win64; x64; rv:92.0) Gecko/20100101 Firefox/92.0"
2001:1715:4e32:b041:4c2:b6b:42b0:3126 - - [09/Oct/2021:12:13:39 +0200] "GET /forum/images/misc/navbit-home.png HTTP/2.0" 200 241 "https://www.bbkr.ch/forum/showthread.php?t=2466" "Mozilla/5.0 (Windows NT 10.0; Win64; x64; rv:92.0) Gecko/20100101 Firefox/92.0"
2001:1715:4e32:b041:4c2:b6b:42b0:3126 - - [09/Oct/2021:12:13:36 +0200] "GET /forum/showthread.php?t=2466 HTTP/2.0" 200 12618 "https://www.bing.com/" "Mozilla/5.0 (Windows NT 10.0; Win64; x64; rv:92.0) Gecko/20100101 Firefox/92.0"
2001:1715:4e32:b041:4c2:b6b:42b0:3126 - - [09/Oct/2021:12:13:40 +0200] "GET /forum/clientscript/yui/connection/connection-min.js?v=425 HTTP/2.0" 200 4442 "https://www.bbkr.ch/forum/showthread.php?t=2466" "Mozilla/5.0 (Windows NT 10.0; Win64; x64; rv:92.0) Gecko/20100101 Firefox/92.0"
2001:1715:4e32:b041:4c2:b6b:42b0:3126 - - [09/Oct/2021:12:13:39 +0200] "GET /forum/images/buttons/collapse_40b_collapsed.png HTTP/2.0" 200 278 "https://www.bbkr.ch/forum/showthread.php?t=2466" "Mozilla/5.0 (Windows NT 10.0; Win64; x64; rv:92.0) Gecko/20100101 Firefox/92.0"
2001:1715:4e32:b041:4c2:b6b:42b0:3126 - - [09/Oct/2021:12:13:40 +0200] "GET /forum/clientscript/yui/yuiloader-dom-event/yuiloader-dom-event.js?v=425 HTTP/2.0" 200 20141 "https://www.bbkr.ch/forum/showthread.php?t=2466" "Mozilla/5.0 (Windows NT 10.0; Win64; x64; rv:92.0) Gecko/20100101 Firefox/92.0"
2001:1715:4e32:b041:4c2:b6b:42b0:3126 - - [09/Oct/2021:12:13:39 +0200] "GET /forum/images/Bibelkreis.gif HTTP/2.0" 200 1998 "https://www.bbkr.ch/forum/showthread.php?t=2466" "Mozilla/5.0 (Windows NT 10.0; Win64; x64; rv:92.0) Gecko/20100101 Firefox/92.0"
2001:1715:4e32:b041:4c2:b6b:42b0:3126 - - [09/Oct/2021:12:13:39 +0200] "GET /forum/images/misc/progress.gif HTTP/2.0" 200 701 "https://www.bbkr.ch/forum/showthread.php?t=2466" "Mozilla/5.0 (Windows NT 10.0; Win64; x64; rv:92.0) Gecko/20100101 Firefox/92.0"
2001:1715:4e32:b041:4c2:b6b:42b0:3126 - - [09/Oct/2021:12:13:39 +0200] "GET /forum/clientscript/vbulletin_md5.js?v=425 HTTP/2.0" 200 2243 "https://www.bbkr.ch/forum/showthread.php?t=2466" "Mozilla/5.0 (Windows NT 10.0; Win64; x64; rv:92.0) Gecko/20100101 Firefox/92.0"
2001:1715:4e32:b041:4c2:b6b:42b0:3126 - - [09/Oct/2021:12:13:39 +0200] "GET /forum/images/buttons/collapse_40b.png HTTP/2.0" 200 237 "https://www.bbkr.ch/forum/showthread.php?t=2466" "Mozilla/5.0 (Windows NT 10.0; Win64; x64; rv:92.0) Gecko/20100101 Firefox/92.0"
2001:1715:4e32:b041:4c2:b6b:42b0:3126 - - [09/Oct/2021:12:13:39 +0200] "GET /forum/clear.gif HTTP/2.0" 200 43 "https://www.bbkr.ch/forum/showthread.php?t=2466" "Mozilla/5.0 (Windows NT 10.0; Win64; x64; rv:92.0) Gecko/20100101 Firefox/92.0"
2001:1715:4e32:b041:4c2:b6b:42b0:3126 - - [09/Oct/2021:12:13:39 +0200] "GET /forum/css.php?styleid=1&langid=2&d=1617778444&td=ltr&sheet=additional.css HTTP/2.0" 200 25 "https://www.bbkr.ch/forum/showthread.php?t=2466" "Mozilla/5.0 (Windows NT 10.0; Win64; x64; rv:92.0) Gecko/20100101 Firefox/92.0"
2001:1715:4e32:b041:4c2:b6b:42b0:3126 - - [09/Oct/2021:12:13:39 +0200] "GET /forum/cron.php?s=02f16d1b606e300134b4bc38179ea5f0&rand=1633774416 HTTP/2.0" 200 43 "https://www.bbkr.ch/forum/showthread.php?t=2466" "Mozilla/5.0 (Windows NT 10.0; Win64; x64; rv:92.0) Gecko/20100101 Firefox/92.0"
2001:1715:4e32:b041:4c2:b6b:42b0:3126 - - [09/Oct/2021:12:13:39 +0200] "GET /forum/css.php?styleid=1&langid=2&d=1617778444&td=ltr&sheet=toolsmenu.css,postlist.css,showthread.css,postbit.css,options.css,attachment.css,poll.css,lightbox.css HTTP/2.0" 200 7466 "https://www.bbkr.ch/forum/showthread.php?t=2466" "Mozilla/5.0 (Windows NT 10.0; Win64; x64; rv:92.0) Gecko/20100101 Firefox/92.0"
2001:1715:4e32:b041:4c2:b6b:42b0:3126 - - [09/Oct/2021:12:13:39 +0200] "GET /forum/css.php?styleid=1&langid=2&d=1617778444&td=ltr&sheet=bbcode.css,editor.css,popupmenu.css,reset-fonts.css,vbulletin.css,vbulletin-chrome.css,vbulletin-formcontrols.css, HTTP/2.0" 200 16256 "https://www.bbkr.ch/forum/showthread.php?t=2466" "Mozilla/5.0 (Windows NT 10.0; Win64; x64; rv:92.0) Gecko/20100101 Firefox/92.0"
2001:1715:4e32:b041:4c2:b6b:42b0:3126 - - [09/Oct/2021:12:13:43 +0200] "GET /forum/images/gradients/generic_button.png HTTP/2.0" 200 104 "https://www.bbkr.ch/forum/css.php?styleid=1&langid=2&d=1617778444&td=ltr&sheet=bbcode.css,editor.css,popupmenu.css,reset-fonts.css,vbulletin.css,vbulletin-chrome.css,vbulletin-formcontrols.css," "Mozilla/5.0 (Windows NT 10.0; Win64; x64; rv:92.0) Gecko/20100101 Firefox/92.0"
2001:1715:4e32:b041:4c2:b6b:42b0:3126 - - [09/Oct/2021:12:13:43 +0200] "GET /forum/favicon.ico HTTP/2.0" 200 4286 "https://www.bbkr.ch/forum/showthread.php?t=2466" "Mozilla/5.0 (Windows NT 10.0; Win64; x64; rv:92.0) Gecko/20100101 Firefox/92.0"
2001:1715:4e32:b041:4c2:b6b:42b0:3126 - - [09/Oct/2021:12:13:43 +0200] "GET /forum/images/gradients/selected-tab-gradient-with-top-alpha.png HTTP/2.0" 200 212 "https://www.bbkr.ch/forum/css.php?styleid=1&langid=2&d=1617778444&td=ltr&sheet=bbcode.css,editor.css,popupmenu.css,reset-fonts.css,vbulletin.css,vbulletin-chrome.css,vbulletin-formcontrols.css," "Mozilla/5.0 (Windows NT 10.0; Win64; x64; rv:92.0) Gecko/20100101 Firefox/92.0"
2001:1715:4e32:b041:4c2:b6b:42b0:3126 - - [09/Oct/2021:12:13:43 +0200] "GET /forum/images/misc/arrow.png HTTP/2.0" 200 116 "https://www.bbkr.ch/forum/css.php?styleid=1&langid=2&d=1617778444&td=ltr&sheet=bbcode.css,editor.css,popupmenu.css,reset-fonts.css,vbulletin.css,vbulletin-chrome.css,vbulletin-formcontrols.css," "Mozilla/5.0 (Windows NT 10.0; Win64; x64; rv:92.0) Gecko/20100101 Firefox/92.0"
2001:1715:4e32:b041:4c2:b6b:42b0:3126 - - [09/Oct/2021:12:13:43 +0200] "GET /forum/images/gradients/gradient-greytowhite.png HTTP/2.0" 200 98 "https://www.bbkr.ch/forum/css.php?styleid=1&langid=2&d=1617778444&td=ltr&sheet=toolsmenu.css,postlist.css,showthread.css,postbit.css,options.css,attachment.css,poll.css,lightbox.css" "Mozilla/5.0 (Windows NT 10.0; Win64; x64; rv:92.0) Gecko/20100101 Firefox/92.0"
2001:1715:4e32:b041:4c2:b6b:42b0:3126 - - [09/Oct/2021:12:13:43 +0200] "GET /forum/images/misc/black_downward_arrow.png HTTP/2.0" 200 135 "https://www.bbkr.ch/forum/css.php?styleid=1&langid=2&d=1617778444&td=ltr&sheet=bbcode.css,editor.css,popupmenu.css,reset-fonts.css,vbulletin.css,vbulletin-chrome.css,vbulletin-formcontrols.css," "Mozilla/5.0 (Windows NT 10.0; Win64; x64; rv:92.0) Gecko/20100101 Firefox/92.0"
2001:1715:4e32:b041:4c2:b6b:42b0:3126 - - [09/Oct/2021:12:13:43 +0200] "GET /forum/images/gradients/gradient-grey-down.png HTTP/2.0" 200 182 "https://www.bbkr.ch/forum/css.php?styleid=1&langid=2&d=1617778444&td=ltr&sheet=bbcode.css,editor.css,popupmenu.css,reset-fonts.css,vbulletin.css,vbulletin-chrome.css,vbulletin-formcontrols.css," "Mozilla/5.0 (Windows NT 10.0; Win64; x64; rv:92.0) Gecko/20100101 Firefox/92.0"
2001:1715:4e32:b041:4c2:b6b:42b0:3126 - - [09/Oct/2021:12:13:43 +0200] "GET /forum/images/misc/navbit-arrow-right.png HTTP/2.0" 200 324 "https://www.bbkr.ch/forum/css.php?styleid=1&langid=2&d=1617778444&td=ltr&sheet=bbcode.css,editor.css,popupmenu.css,reset-fonts.css,vbulletin.css,vbulletin-chrome.css,vbulletin-formcontrols.css," "Mozilla/5.0 (Windows NT 10.0; Win64; x64; rv:92.0) Gecko/20100101 Firefox/92.0"
2001:1715:4e32:b041:4c2:b6b:42b0:3126 - - [09/Oct/2021:12:13:43 +0200] "GET /forum/images/statusicon/post_old.png HTTP/2.0" 200 219 "https://www.bbkr.ch/forum/css.php?styleid=1&langid=2&d=1617778444&td=ltr&sheet=toolsmenu.css,postlist.css,showthread.css,postbit.css,options.css,attachment.css,poll.css,lightbox.css" "Mozilla/5.0 (Windows NT 10.0; Win64; x64; rv:92.0) Gecko/20100101 Firefox/92.0"
2001:1715:4e32:b041:4c2:b6b:42b0:3126 - - [09/Oct/2021:12:13:43 +0200] "GET /forum/images/buttons/quote_40b.png HTTP/2.0" 200 325 "https://www.bbkr.ch/forum/css.php?styleid=1&langid=2&d=1617778444&td=ltr&sheet=toolsmenu.css,postlist.css,showthread.css,postbit.css,options.css,attachment.css,poll.css,lightbox.css" "Mozilla/5.0 (Windows NT 10.0; Win64; x64; rv:92.0) Gecko/20100101 Firefox/92.0"
2001:1715:4e32:b041:4c2:b6b:42b0:3126 - - [09/Oct/2021:12:13:43 +0200] "GET /forum/images/buttons/newbtn_middle.png HTTP/2.0" 200 95 "https://www.bbkr.ch/forum/css.php?styleid=1&langid=2&d=1617778444&td=ltr&sheet=bbcode.css,editor.css,popupmenu.css,reset-fonts.css,vbulletin.css,vbulletin-chrome.css,vbulletin-formcontrols.css," "Mozilla/5.0 (Windows NT 10.0; Win64; x64; rv:92.0) Gecko/20100101 Firefox/92.0"
2001:1715:4e32:b041:4c2:b6b:42b0:3126 - - [09/Oct/2021:12:13:43 +0200] "GET /forum/images/buttons/search.png HTTP/2.0" 200 211 "https://www.bbkr.ch/forum/showthread.php?t=2466" "Mozilla/5.0 (Windows NT 10.0; Win64; x64; rv:92.0) Gecko/20100101 Firefox/92.0"
2a00:5ba0:10:2242:3c52:7dff:fee6:7714 - - [09/Oct/2021:12:14:09 +0200] "GET / HTTP/1.1" 200 2519 "-" "Mozilla/5.0 (X11; Linux x86_64) AppleWebKit/537.36 (KHTML, like Gecko) Chrome/79.0.3945.79 Safari/537.36"
2001:1715:4e32:b041:4c2:b6b:42b0:3126 - - [09/Oct/2021:12:17:32 +0200] "GET /forum/forum.php?s=02f16d1b606e300134b4bc38179ea5f0 HTTP/2.0" 200 28284 "https://www.bbkr.ch/forum/showthread.php?t=2466" "Mozilla/5.0 (Windows NT 10.0; Win64; x64; rv:92.0) Gecko/20100101 Firefox/92.0"
2001:1715:4e32:b041:4c2:b6b:42b0:3126 - - [09/Oct/2021:12:17:36 +0200] "GET /forum/images/misc/forum_stats.png HTTP/2.0" 200 488 "https://www.bbkr.ch/forum/forum.php?s=02f16d1b606e300134b4bc38179ea5f0" "Mozilla/5.0 (Windows NT 10.0; Win64; x64; rv:92.0) Gecko/20100101 Firefox/92.0"
2001:1715:4e32:b041:4c2:b6b:42b0:3126 - - [09/Oct/2021:12:17:36 +0200] "GET /forum/images/buttons/lastpost-right.png HTTP/2.0" 200 224 "https://www.bbkr.ch/forum/forum.php?s=02f16d1b606e300134b4bc38179ea5f0" "Mozilla/5.0 (Windows NT 10.0; Win64; x64; rv:92.0) Gecko/20100101 Firefox/92.0"
2001:1715:4e32:b041:4c2:b6b:42b0:3126 - - [09/Oct/2021:12:17:36 +0200] "GET /forum/images/cms/widget-forum.png HTTP/2.0" 200 307 "https://www.bbkr.ch/forum/forum.php?s=02f16d1b606e300134b4bc38179ea5f0" "Mozilla/5.0 (Windows NT 10.0; Win64; x64; rv:92.0) Gecko/20100101 Firefox/92.0"
2001:1715:4e32:b041:4c2:b6b:42b0:3126 - - [09/Oct/2021:12:17:36 +0200] "GET /forum/images/statusicon/category-16.png HTTP/2.0" 200 638 "https://www.bbkr.ch/forum/forum.php?s=02f16d1b606e300134b4bc38179ea5f0" "Mozilla/5.0 (Windows NT 10.0; Win64; x64; rv:92.0) Gecko/20100101 Firefox/92.0"
